e
Let d(s) = s**2 + 18*s + 50. Is d(12) a multiple of 28?
False
Suppose 0 = -r + 3*j - 8, 2*j - 5 - 3 = 0. Suppose 2*p - 10 = 0, 0 = r*b + 4*p - 73 - 203. Does 11 divide b?
False
Let d = 23 - 21. Suppose d*q - 24 = q - i, 2*i = 3*q - 62. Is q a multiple of 4?
False
Let f(w) = 13*w**2 - w + 4. Let b be f(-3). Let u = b + -3. Let j = 174 - u. Is 14 a factor of j?
False
Let m be (20/14)/(1/7). Suppose -26 = 5*s - 2*r, -s + 2*s - 3*r + 13 = 0. Is m/((-7)/(42/s)) a multiple of 15?
True
Let r be 4 + (-1 - (-4 - -5)). Does 29 divide ((-23)/3)/(r/(-18)) + -3?
False
Let q be (4/12)/1*6. Suppose 21 + 33 = q*k. Is 5 a factor of k?
False
Suppose 0 = 12*u - 41 - 7. Is u a multiple of 4?
True
Suppose -52 = -4*o + 3*o. Let s = o - -3. Is s a multiple of 21?
False
Let d = 3 - -29. Let y = 51 - d. Suppose 22*n - 24 = y*n. Is 2 a factor of n?
True
Let j(z) = -z**2 + 7*z - 4. Let h be j(6). Suppose 0 = -3*b + 9, -3*b = -i - 6*b + 2. Is 14 a factor of (-23)/h*14/i?
False
Let d be 8/(10/(-25) + (-7)/(-5)). Suppose 5*q = -d + 83. Is 3 a factor of q?
True
Let r(n) = n**3 - 11*n**2 - 10*n - 20. Let l be r(12). Suppose -l*v = -13*v + 297. Is 11 a factor of v?
True
Suppose 132*s + 112 = 134*s. Does 4 divide s?
True
Suppose -4*x - 3*l = -1652, -5*l = 4*x - 6*x + 800. Is 13 a factor of x?
False
Suppose 0 + 12 = 4*q. Suppose 4*i - 19 = -l, -2*i + 5*l + 2 = q*l. Suppose -i*m - 352 = -8*m. Is m a multiple of 22?
True
Suppose 17*n = 1044 + 214. Does 3 divide n?
False
Suppose 3*m - 4*q = 7*m, -3*m - q - 2 = 0. Let i = 23 + m. Does 22 divide i?
True
Suppose -102*g - 1384 = -104*g. Does 27 divide g?
False
Let v = 139 - -517. Does 8 divide v?
True
Let n = -10 - 17. Suppose 2*t - t = 47. Let y = t + n. Is y a multiple of 10?
True
Is 36 a factor of (-52906)/(-98) + (-2)/(-14)?
True
Suppose -16*s + 3351 = -12697. Is 17 a factor of s?
True
Suppose 0 = -6*g - 3 + 3243. Is g a multiple of 20?
True
Suppose -p + 622 = -11*t + 13*t, -4*t + 8 = 0. Does 66 divide p?
False
Let k(c) = 4*c**2 + c + 1. Let u be 1/(-5) - (-99)/(-55). Let l be 2*(-2 - 7/u). Is 12 a factor of k(l)?
False
Suppose -4*u - u + 75 = 0. Let o(b) = -2*b**3 - 10*b**2 - 8*b + 57. Let m be o(-10). Is m/u + 2/10 a multiple of 16?
False
Suppose 0 = -y - 3*y + 8. Let j(s) = -4*s**3 + 8*s**y + 87*s - 77*s + 3*s**3 + 13. Does 17 divide j(9)?
False
Let d = 38 + -26. Let f = d - -9. Does 7 divide f?
True
Suppose 56 = 18*q - 14*q. Is q even?
True
Suppose 3*y + 754 = 4*t + 259, 5*t + 3*y = 639. Does 3 divide t?
True
Is -148*(-4 - (6 - 90/(-12))) a multiple of 70?
True
Let z = 1 + -1. Let b = -69 + 73. Is (-45)/(-6)*b + z a multiple of 15?
True
Let c = -426 - -1490. Is 19 a factor of c?
True
Let j(y) = 2*y**2 - 19*y + 39. Is j(15) a multiple of 7?
False
Let m(t) = 12*t**3 - 4*t**2 + 14*t - 52. Does 7 divide m(4)?
False
Suppose -3*v - 5 = -11. Let j be ((-42)/(-28))/(v/(-8)). Does 10 divide 39/j*6/(-3)?
False
Let m(i) = 210*i + 18. Does 8 divide m(2)?
False
Let o(l) = 10*l - 28. Let t(y) = y. Let g(s) = -o(s) - 5*t(s). Is g(-3) a multiple of 16?
False
Let v = 50 - 43. Suppose 0 = 15*s - v*s - 216. Does 9 divide s?
True
Suppose -11*o + 205 + 202 = 0. Is 13 a factor of o?
False
Suppose -10*s + 4*s = -3456. Let o = s - 268. Is o a multiple of 22?
True
Suppose 221*d = 215*d + 2028. Is d a multiple of 16?
False
Suppose -3*r + 5*u = -0 - 3, u = -2*r - 11. Suppose w - 6*w + 5 = 4*i, 2*i + 5 = -w. Let y = w - r. Does 9 divide y?
True
Suppose -10*t + 5009 - 1739 = 0. Is t a multiple of 20?
False
Is (-1 - (-27)/2)*(-486)/(-135) a multiple of 8?
False
Suppose 5*u - 287 = 63. Let s = u - 1. Is 8 a factor of s?
False
Suppose 0 = -c + 4*u + 38, 3*c - c = -3*u + 21. Is c/4 - 9/(-18) a multiple of 5?
True
Let b(m) = -m**2 + 7*m - 12. Let s be b(7). Let f = s + 68. Is f a multiple of 7?
True
Let l(i) = 2*i**3 - 6 - 3*i**3 + 9 + 27. Is 15 a factor of l(0)?
True
Let t = 23 - 21. Suppose -5*p - 21 = 2*w - w, -t*p = w + 9. Is (-116)/12*(p + 1) a multiple of 29?
True
Let l be (-10)/(-3) - -3*(-1)/9. Suppose -5*h + 4*d + 858 = -133, l*h - 3*d - 597 = 0. Is 20 a factor of h?
False
Suppose 0 = 3*z - 32 - 70. Suppose 5*c = 3*c - 8. Let m = z - c. Does 19 divide m?
True
Let u = -10 - -21. Suppose 3 = -8*p + u*p. Is 5*p*148/20 a multiple of 9?
False
Let m = 66 + -51. Let i(a) = -a**3 + 2*a**2 + 3*a + 2. Let w be i(3). Suppose 0 = 2*o + x - 21, -3*x - m = -2*o + w*x. Does 10 divide o?
True
Let l = 134 - 57. Suppose -l = -4*o + 95. Is 10 a factor of o?
False
Suppose 5*v = 20 + 35. Suppose 4*d + 3*x = 5*d - 20, 5*x = d - 12. Suppose -h + k = -v, -3*h - 5*k = -33 - d. Is 11 a factor of h?
False
Let p = 20 - 16. Suppose -p*y - 136 = -8*y. Is 17 a factor of y?
True
Let j(r) = -2*r**2 - 3*r - 4. Let k be j(-3). Let y = k + 26. Is y a multiple of 6?
False
Suppose -9*r - 288 = -0*r. Let b = r - -58. Is b a multiple of 12?
False
Let c(m) = -24*m. Let g be c(3). Let s = -47 - g. Suppose -s = -3*i + u, 4*i + 3*u - 50 = u. Is 5 a factor of i?
True
Suppose l = 3*p - 10 + 1, p + 5*l - 3 = 0. Suppose b = -4*b - 3*z + 70, 5*b - p*z - 40 = 0. Is 32/6 + b/(-33) a multiple of 5?
True
Let p = -6 + 8. Suppose h + p*h = 2370. Is 19 a factor of h/20 - (-3)/(-2)?
True
Let g(l) = 8*l - 2. Let c be g(1). Suppose -c*b = 12 - 102. Is b a multiple of 3?
True
Suppose -2*v + 771 = 5*j, -2*v = 9*j - 5*j - 768. Is v a multiple of 7?
True
Let p be 2/4*-4 - -3 - -2. Suppose -5*r = -p*z + 164, 4*z - r + 3*r - 184 = 0. Is 16 a factor of z?
True
Let b(l) = 66*l**2 - 2*l - 7. Let u(p) = -67*p**2 + 3*p + 8. Let x(y) = -6*b(y) - 5*u(y). Let n be x(1). Let m = 101 + n. Is m a multiple of 15?
False
Let c(z) = -28*z - 49. Let k be c(-4). Suppose 5*w = k + 92. Is w a multiple of 2?
False
Let n(f) = f**3 - 4*f**2 - 6*f + 2. Let z be n(5). Let x be -3 + 6*8/12. Is 7 a factor of 9/x*-1*z?
False
Let s be (-7)/2*988/(-133). Let p = s + 37. Does 21 divide p?
True
Let p(q) = -q**3 + 21*q**2 - 41*q + 31. Is 13 a factor of p(18)?
False
Suppose -24*m + 168 = -12*m. Let t = 50 + m. Is t a multiple of 4?
True
Suppose -1 = 3*h - 76. Let k(d) = -4*d**3 - d. Let y be k(-1). Let w = y + h. Is w a multiple of 6?
True
Let b(d) = d**2 - 8*d + 6. Let h be b(8). Suppose 4*s - 2 = h. Suppose -s*p = 3*i - 17, -30 = -2*p - 3*p + 5*i. Is 4 a factor of p?
False
Suppose 0 = -5*w - y - 63, -w - 2*y - 9 = -3*y. Let d = w - -14. Is 55/d*4/5 a multiple of 11?
True
Suppose 10337 - 26507 = -22*g. Is 35 a factor of g?
True
Is 3 a factor of (3/(-5))/((-11977)/1330 + 9)?
True
Suppose 4 = k + 1. Let i(c) = -c**2 - k*c**3 - c**2 + 4*c**3 - 6 - 3*c**2 + 7*c. Is 10 a factor of i(5)?
False
Let a(s) = 50*s + 24. Is 27 a factor of a(6)?
True
Let o(n) = n**3 + 36*n**2 - 10*n - 103. Does 14 divide o(-36)?
False
Let m(c) = -121*c - 16. Is m(-7) a multiple of 13?
False
Let s = 129 + -121. Suppose -h - 26 = -3*h + 2*l, 5*l + 23 = 2*h. Suppose a - s = h. Does 11 divide a?
True
Let z(g) be the second derivative of 26*g**3/3 + 7*g**2/2 - 35*g. Is 40 a factor of z(3)?
False
Suppose 4*k - 33*k = -73254. Does 49 divide k?
False
Let k(c) = -7*c**2 - 53. Let g(p) = 20*p**2 - p + 158. Let w(d) = 4*g(d) + 11*k(d). Does 11 divide w(-9)?
False
Let s(l) = 8*l**2 - 2*l + 2. Let r be s(1). Is (-405)/(-4) - 2/r a multiple of 19?
False
Suppose 3797 = 13*d - 2365. Is 12 a factor of d?
False
Let a(x) = -x**2 + 34*x - 5. Does 9 divide a(18)?
False
Let v(h) = h**3 + 4*h**2 + h - 4. Let k be v(-2). Suppose -k*q + 57 = -9. Does 33 divide q?
True
Suppose 95*b = 62*b + 17688. Is b a multiple of 8?
True
Let k(d) = 2*d**3 + d**2 - 1. Suppose 0*s - 9 = 3*s. Let p be k(s). Does 23 divide 0 + -3 + 3 - p?
True
Suppose -5*x + 42 = -3*c - 111, 0 = -5*x + 4*c + 154. Suppose j = -2*a - 28, 3*j + 64 = -0*j - a. Let t = j + x. Is t a multiple of 2?
True
Let g(h) = -2*h**3 - 9*h**2 + 9*h - 4. Is g(-6) a multiple of 10?
True
Suppose 2 = 2*m - 6, -20 = 5*s - 5*m. Suppose s*c - 135 = -3*c. Suppose -l + c - 19 = 0. Is 26 a factor of l?
True
Suppose 2*j = 5*z - 1706, -3*j = 2*z - j - 674. Is z a multiple of 10?
True
Suppose h - 11 = 4*a - 0, -3*a = 5*h - 9. Suppose 3*y = 3*c + c + 34, 15 = h*c. Suppose y = z + 2*z. Does 3 divide z?
True
Let r = 8302 - 5034. Is r a multiple of 38?
True
Suppose -3*v + 0 = 5*c + 20, -14 = 4*c + 2*v. Let j be (4/(-12))/(1/(-48)). Let d = j - c. Is 9 a factor of